{"id":159,"date":"2010-11-21T12:18:33","date_gmt":"2010-11-21T11:18:33","guid":{"rendered":"http:\/\/saxrecordings.com\/wordpress\/?page_id=159"},"modified":"2013-06-21T15:52:38","modified_gmt":"2013-06-21T14:52:38","slug":"159-2","status":"publish","type":"page","link":"https:\/\/saxrecordings.studiosarneri.it\/?page_id=159","title":{"rendered":"Maramao Band"},"content":{"rendered":"<address>\u00a0<a href=\"https:\/\/saxrecordings.studiosarneri.it\/wp-content\/uploads\/2010\/11\/maramao-all.jpg\"><img loading=\"lazy\" decoding=\"async\" class=\"aligncenter size-medium wp-image-484\" title=\"Maramao Italian Swing Band\" alt=\"\" src=\"https:\/\/saxrecordings.studiosarneri.it\/wp-content\/uploads\/2010\/11\/maramao-all-300x225.jpg\" width=\"300\" height=\"225\" srcset=\"https:\/\/saxrecordings.studiosarneri.it\/wp-content\/uploads\/2010\/11\/maramao-all-300x225.jpg 300w, https:\/\/saxrecordings.studiosarneri.it\/wp-content\/uploads\/2010\/11\/maramao-all.jpg 740w\" sizes=\"auto, (max-width: 300px) 100vw, 300px\" \/><\/a>\u00a0<\/address>\n<h2 style=\"text-align: center;\"><a href=\"http:\/\/www.maramaoband.it\" target=\"_blank\">MARAMAO\u00a0 italian swing band<\/a><\/h2>\n<h2 style=\"text-align: center;\">La musica della radio italiana degli anni &#8217;40<\/h2>\n<p>Il progetto \u201cMaramao Italian Swing Band\u201d La passione per la musica swing \u00e8 ci\u00f2 che ci accomuna, dal momento che proveniamo tutti dalle pi\u00f9 diverse esperienze musicali e da diversi percorsi di studio della musica. Ma poich\u00e9 tanti sono i gruppi che approfondiscono questo stile musicale affrontando spartiti ed autori soprattutto americani, abbiamo pensato di dare un taglio tutto italiano alla scelta del nostro repertorio. Abbiamo dato la nostra preferenza alle canzoni pi\u00f9 in voga negli anni trenta e quaranta, cio\u00e8 quando l\u2019importazione di dischi in stile swing dagli Stati Uniti era bandita, o quasi, e quando era malvisto dalla cultura ufficiale dell\u2019epoca tutto ci\u00f2 che si avvicinava al \u201critmo sincopato\u201d. Abbiamo ricercato le incisioni storiche originali e ci siamo appassionati agli arrangiamenti dei direttori d\u2019orchestra dell\u2019epoca come Pippo Barzizza e Cinico Angelini, Gorni Kramer abbiamo apprezzato i beniamini del tempo come Natalino Otto, Alberto Rabagliati, Ernesto Bonino, Natalino Otto, il Trio Lescano.<\/p>\n<address style=\"text-align: center;\">\u00a0<\/address>\n<p style=\"text-align: center;\"><iframe loading=\"lazy\" src=\"http:\/\/www.youtube.com\/embed\/an7JB0NtDHQ\" height=\"182\" width=\"210\" frameborder=\"0\"><\/iframe><\/p>\n<p style=\"text-align: center;\"><iframe loading=\"lazy\" src=\"http:\/\/www.youtube.com\/embed\/jiriTn5dL2k\" height=\"182\" width=\"210\" frameborder=\"0\"><\/iframe><\/p>\n<p style=\"text-align: center;\"><iframe loading=\"lazy\" src=\"http:\/\/www.youtube.com\/embed\/aGzDwF6yXxo\" height=\"182\" width=\"210\" frameborder=\"0\"><\/iframe><\/p>\n","protected":false},"excerpt":{"rendered":"<p>\u00a0\u00a0 MARAMAO\u00a0 italian swing band La musica della radio italiana degli anni &#8217;40 Il progetto \u201cMaramao Italian Swing Band\u201d La passione per la musica swing \u00e8 ci\u00f2 che ci accomuna, dal momento che proveniamo tutti dalle pi\u00f9 diverse esperienze musicali e da diversi percorsi di studio della musica. Ma poich\u00e9 tanti sono i gruppi che &hellip; <\/p>\n<p><a class=\"more-link btn\" href=\"https:\/\/saxrecordings.studiosarneri.it\/?page_id=159\">Continue reading<\/a><\/p>\n","protected":false},"author":10,"featured_media":0,"parent":145,"menu_order":110,"comment_status":"closed","ping_status":"closed","template":"template-onecolumn.php","meta":{"om_disable_all_campaigns":false,"_monsterinsights_skip_tracking":false,"_monsterinsights_sitenote_active":false,"_monsterinsights_sitenote_note":"","_monsterinsights_sitenote_category":0,"_uf_show_specific_survey":0,"_uf_disable_surveys":false,"footnotes":""},"class_list":["post-159","page","type-page","status-publish","hentry","nodate","item-wrap"],"aioseo_notices":[],"_links":{"self":[{"href":"https:\/\/saxrecordings.studiosarneri.it\/index.php?rest_route=\/wp\/v2\/pages\/159","targetHints":{"allow":["GET"]}}],"collection":[{"href":"https:\/\/saxrecordings.studiosarneri.it\/index.php?rest_route=\/wp\/v2\/pages"}],"about":[{"href":"https:\/\/saxrecordings.studiosarneri.it\/index.php?rest_route=\/wp\/v2\/types\/page"}],"author":[{"embeddable":true,"href":"https:\/\/saxrecordings.studiosarneri.it\/index.php?rest_route=\/wp\/v2\/users\/10"}],"replies":[{"embeddable":true,"href":"https:\/\/saxrecordings.studiosarneri.it\/index.php?rest_route=%2Fwp%2Fv2%2Fcomments&post=159"}],"version-history":[{"count":25,"href":"https:\/\/saxrecordings.studiosarneri.it\/index.php?rest_route=\/wp\/v2\/pages\/159\/revisions"}],"predecessor-version":[{"id":533,"href":"https:\/\/saxrecordings.studiosarneri.it\/index.php?rest_route=\/wp\/v2\/pages\/159\/revisions\/533"}],"up":[{"embeddable":true,"href":"https:\/\/saxrecordings.studiosarneri.it\/index.php?rest_route=\/wp\/v2\/pages\/145"}],"wp:attachment":[{"href":"https:\/\/saxrecordings.studiosarneri.it\/index.php?rest_route=%2Fwp%2Fv2%2Fmedia&parent=159"}],"curies":[{"name":"wp","href":"https:\/\/api.w.org\/{rel}","templated":true}]}}