{"id":23,"date":"2010-11-20T19:40:54","date_gmt":"2010-11-20T18:40:54","guid":{"rendered":"http:\/\/saxrecordings.com\/wordpress\/?page_id=23"},"modified":"2024-12-18T15:13:14","modified_gmt":"2024-12-18T14:13:14","slug":"profile","status":"publish","type":"page","link":"https:\/\/saxrecordings.studiosarneri.it\/?page_id=23","title":{"rendered":"Profile"},"content":{"rendered":"<p><a title=\"background\" href=\"http:\/\/saxrecordings.com\/wordpress\/?page_id=41\" target=\"_self\" rel=\"noopener\">DA DOVE VIENE SAXRECORDINGS<\/a><\/p>\n<p>CHI<br \/>\nSalve! Sono un\u00a0 ingegnere elettronico musicista, e non mi \u00e8 ancora chiaro se da grande sar\u00f2 un musicista professionista o un ingegnere professionista.<br \/>\nPer questa ragione ho passato i miei primi 40 anni facendo entrambe le cose.<br \/>\nMusica ed elettronica:<br \/>\nstrumentii che consentono la comunicazione tra gli individui<\/p>\n<p>COSA<br \/>\nSax recordings \u00e8 in sintesi una idea di creativit\u00e0, divertimento, intrattenmento, e forse anche &#8230;arte.<br \/>\nSax recordings non \u00e8 ne&#8217; uno studio di registrazione, ne un&#8217;etichetta indipendente. E&#8217; una idea, talvolta un sogno, per consentire che qualunque\u00a0 vibrazione musicale esca e sia condivisa con gli altri. E&#8217; un luogo dove la cosa pi\u00f9 importante \u00e8 suonare, e non solo fare registrazioni, \u00e8 un luogo dove una buona registrazione pu\u00f2 testimoniare ottima musica<\/p>\n<p>DOVE<br \/>\nIn Italia,nel silenzioso nord<br \/>\nin una silenziosa citt\u00e0,<br \/>\nin un incredibilmente piccolo garage..<\/p>\n<p>QUANDO<br \/>\nquando hai tempo,<br \/>\nquando hai una idea,<br \/>\nquando hai pochi soldi,<br \/>\nquando altrove il sound non \u00e8 buono abbastanza &#8230;&#8230;<br \/>\nPERCHE&#8217;<br \/>\nperch\u00e8 non ti lasci sorprendere come un bambino?<br \/>\nperch\u00e8 non permetti alla musica di ripulire un fottuto giorno di lavoro?<br \/>\nperch\u00e8 no?&#8230;ogni tanto di notte.<\/p>\n<p>Andrea &#8220;Sax&#8221; Sarneri<\/p>\n","protected":false},"excerpt":{"rendered":"<p>DA DOVE VIENE SAXRECORDINGS CHI Salve! Sono un\u00a0 ingegnere elettronico musicista, e non mi \u00e8 ancora chiaro se da grande sar\u00f2 un musicista professionista o un ingegnere professionista. Per questa ragione ho passato i miei primi 40 anni facendo entrambe le cose. Musica ed elettronica: strumentii che consentono la comunicazione tra gli individui COSA Sax &hellip; <\/p>\n<p><a class=\"more-link btn\" href=\"https:\/\/saxrecordings.studiosarneri.it\/?page_id=23\">Continue reading<\/a><\/p>\n","protected":false},"author":10,"featured_media":0,"parent":0,"menu_order":300,"comment_status":"closed","ping_status":"closed","template":"","meta":{"om_disable_all_campaigns":false,"_monsterinsights_skip_tracking":false,"_monsterinsights_sitenote_active":false,"_monsterinsights_sitenote_note":"","_monsterinsights_sitenote_category":0,"_uf_show_specific_survey":0,"_uf_disable_surveys":false,"footnotes":""},"class_list":["post-23","page","type-page","status-publish","hentry","nodate","item-wrap"],"aioseo_notices":[],"_links":{"self":[{"href":"https:\/\/saxrecordings.studiosarneri.it\/index.php?rest_route=\/wp\/v2\/pages\/23","targetHints":{"allow":["GET"]}}],"collection":[{"href":"https:\/\/saxrecordings.studiosarneri.it\/index.php?rest_route=\/wp\/v2\/pages"}],"about":[{"href":"https:\/\/saxrecordings.studiosarneri.it\/index.php?rest_route=\/wp\/v2\/types\/page"}],"author":[{"embeddable":true,"href":"https:\/\/saxrecordings.studiosarneri.it\/index.php?rest_route=\/wp\/v2\/users\/10"}],"replies":[{"embeddable":true,"href":"https:\/\/saxrecordings.studiosarneri.it\/index.php?rest_route=%2Fwp%2Fv2%2Fcomments&post=23"}],"version-history":[{"count":15,"href":"https:\/\/saxrecordings.studiosarneri.it\/index.php?rest_route=\/wp\/v2\/pages\/23\/revisions"}],"predecessor-version":[{"id":645,"href":"https:\/\/saxrecordings.studiosarneri.it\/index.php?rest_route=\/wp\/v2\/pages\/23\/revisions\/645"}],"wp:attachment":[{"href":"https:\/\/saxrecordings.studiosarneri.it\/index.php?rest_route=%2Fwp%2Fv2%2Fmedia&parent=23"}],"curies":[{"name":"wp","href":"https:\/\/api.w.org\/{rel}","templated":true}]}}